7
List the prime factors of 636.
2, 3, 53
List the prime factors of 34333.
13, 19, 139
What are the prime factors of 1003?
17, 59
What are the prime factors of 2041?
13, 157
List the prime factors of 1491.
3, 7, 71
What are the prime factors of 6541?
31, 211
List the prime factors of 149.
149
List the prime factors of 97829.
97829
List the prime factors of 173.
173
What are the prime factors of 69161?
23, 31, 97
What are the prime factors of 634?
2, 317
List the prime factors of 11097.
3, 137
List the prime factors of 44618.
2, 7, 3187
List the prime factors of 1231.
1231
What are the prime factors of 9289?
7, 1327
List the prime factors of 906.
2, 3, 151
What are the prime factors of 1891?
31, 61
What are the prime factors of 526?
2, 263
List the prime factors of 1436.
2, 359
List the prime factors of 25958.
2, 12979
What are the prime factors of 29001?
3, 7, 1381
What are the prime factors of 6226?
2, 11, 283
What are the prime factors of 12441?
3, 11, 13, 29
List the prime factors of 7988.
2, 1997
List the prime factors of 338.
2, 13
What are the prime factors of 19752?
2, 3, 823
List the prime factors of 848.
2, 53
What are the prime factors of 1248?
2, 3, 13
What are the prime factors of 1279?
1279
List the prime factors of 760.
2, 5, 19
List the prime factors of 20149.
20149
List the prime factors of 66.
2, 3, 11
What are the prime factors of 650?
2, 5, 13
List the prime factors of 80685.
3, 5, 11, 163
List the prime factors of 14726.
2, 37, 199
List the prime factors of 927.
3, 103
List the prime factors of 10391.
10391
What are the prime factors of 1555?
5, 311
List the prime factors of 40.
2, 5
What are the prime factors of 46722?
2, 3, 13, 599
What are the prime factors of 3447?
3, 383
List the prime factors of 195.
3, 5, 13
List the prime factors of 9280.
2, 5, 29
List the prime factors of 57188.
2, 17, 29
What are the prime factors of 10265?
5, 2053
List the prime factors of 14234.
2, 11, 647
List the prime factors of 559.
13, 43
List the prime factors of 70602.
2, 3, 7, 41
List the prime factors of 2051.
7, 293
What are the prime factors of 160?
2, 5
List the prime factors of 43753.
43753
What are the prime factors of 544?
2, 17
What are the prime factors of 2672?
2, 167
What are the prime factors of 40516?
2, 7, 1447
List the prime factors of 7698.
2, 3, 1283
What are the prime factors of 11385?
3, 5, 11, 23
What are the prime factors of 194510?
2, 5, 53, 367
List the prime factors of 5150.
2, 5, 103
What are the prime factors of 76387?
76387
List the prime factors of 2843.
2843
What are the prime factors of 11763?
3, 1307
List the prime factors of 4461.
3, 1487
List the prime factors of 4867.
31, 157
What are the prime factors of 286?
2, 11, 13
What are the prime factors of 1380?
2, 3, 5, 23
What are the prime factors of 962?
2, 13, 37
List the prime factors of 1308.
2, 3, 109
What are the prime factors of 2410?
2, 5, 241
What are the prime factors of 33095?
5, 6619
List the prime factors of 3902.
2, 1951
What are the prime factors of 126?
2, 3, 7
What are the prime factors of 1694?
2, 7, 11
List the prime factors of 1281.
3, 7, 61
List the prime factors of 19992.
2, 3, 7, 17
What are the prime factors of 2389?
2389
List the prime factors of 9666.
2, 3, 179
List the prime factors of 17240.
2, 5, 431
What are the prime factors of 413?
7, 59
What are the prime factors of 2619?
3, 97
What are the prime factors of 19116?
2, 3, 59
List the prime factors of 4779.
3, 59
List the prime factors of 588.
2, 3, 7
List the prime factors of 497.
7, 71
List the prime factors of 2547.
3, 283
What are the prime factors of 1003?
17, 59
List the prime factors of 3888.
2, 3
List the prime factors of 2425.
5, 97
What are the prime factors of 14056?
2, 7, 251
What are the prime factors of 1359?
3, 151
List the prime factors of 2430.
2, 3, 5
List the prime factors of 13974.
2, 3, 17, 137
What are the prime factors of 8749?
13, 673
List the prime factors of 40839.
3, 13613
List the prime factors of 14353.
31, 463
What are the prime factors of 1465?
5, 293
What are the prime factors of 27210?
2, 3, 5, 907
What are the prime factors of 55560?
2, 3, 5, 463
List the prime factors of 356.
2, 89
List the prime factors of 14820.
2, 3, 5, 13, 19
What are the prime factors of 6445?
5, 1289
What are the prime factors of 5556?
2, 3, 463
What are the prime factors of 4656?
2, 3, 97
List the prime factors of 790.
2, 5, 79
List the prime factors of 245.
5, 7
What are the prime factors of 70428?
2, 3, 5869
What are the prime factors of 23467?
31, 757
What are the prime factors of 2127?
3, 709
List the prime factors of 1418.
2, 709
List the prime factors of 20517.
3, 7, 977
What are the prime factors of 2080?
2, 5, 13
List the prime factors of 2547.
3, 283
What are the prime factors of 14373?
3, 1597
List the prime factors of 155294.
2, 77647
What are the prime factors of 14871?
3, 4957
List the prime factors of 37119.
3, 12373
List the prime factors of 130532.
2, 32633
What are the prime factors of 17937?
3, 1993
List the prime factors of 429.
3, 11, 13
List the prime factors of 15082.
2, 7541
List the prime factors of 2258.
2, 1129
List the prime factors of 5339.
19, 281
List the prime factors of 252.
2, 3, 7
List the prime factors of 947.
947
List the prime factors of 12352.
2, 193
What are the prime factors of 18892?
2, 4723
List the prime factors of 1383.
3, 461
List the prime factors of 25476.
2, 3, 11, 193
List the prime factors of 1072.
2, 67
What are the prime factors of 2624?
2, 41
List the prime factors of 42218.
2, 11, 19, 101
List the prime factors of 18007.
11, 1637
List the prime factors of 180488.
2, 7, 11, 293
List the prime factors of 570.
2, 3, 5, 19
What are the prime factors of 2317?
7, 331
List the prime factors of 2445.
3, 5, 163
What are the prime factors of 91461?
3, 43, 709
What are the prime factors of 9745?
5, 1949
List the prime factors of 9130.
2, 5, 11, 83
What are the prime factors of 2717?
11, 13, 19
What are the prime factors of 12999?
3, 7, 619
What are the prime factors of 30?
2, 3, 5
List the prime factors of 40413.
3, 19, 709
What are the prime factors of 29415?
3, 5, 37, 53
List the prime factors of 2051.
7, 293
What are the prime factors of 6078?
2, 3, 1013
List the prime factors of 2144.
2, 67
List the prime factors of 2559.
3, 853
What are the prime factors of 834?
2, 3, 139
List the prime factors of 1111.
11, 101
List the prime factors of 10065.
3, 5, 11, 61
What are the prime factors of 997?
997
What are the prime factors of 5826?
2, 3, 971
List the prime factors of 33121.
11, 3011
What are the prime factors of 361?
19
What are the prime factors of 497?
7, 71
List the prime factors of 28655.
5, 11, 521
What are the prime factors of 369?
3, 41
What are the prime factors of 124533?
3, 101, 137
What are the prime factors of 3803?
3803
What are the prime factors of 258?
2, 3, 43
What are the prime factors of 2901?
3, 967
What are the prime factors of 13003?
13003
List the prime factors of 4788.
2, 3, 7, 19
What are the prime factors of 4009?
19, 211
What are the prime factors of 634?
2, 317
What are the prime factors of 2828?
2, 7, 101
List the prime factors of 1812.
2, 3, 151
List the prime factors of 1407.
3, 7, 67
List the prime factors of 23881.
11, 13, 167
List the prime factors of 27627.
3, 9209
List the prime factors of 20974.
2, 10487
What are the prime factors of 524?
2, 131
List the prime factors of 28504.
2, 7, 509
What are the prime factors of 12200?
2, 5, 61
What are the prime factors of 16263?
3, 13, 139
What are the prime factors of 1884?
2, 3, 157
What are the prime factors of 32806?
2, 47, 349
List the prime factors of 6411.
3, 2137
List the prime factors of 561.
3, 11, 17
List the prime factors of 726.
2, 3, 11
What are the prime factors of 12619?
12619
List the prime factors of 57371.
103, 557
List the prime factors of 2936.
2, 367
What are the prime factors of 2098?
2, 1049
What are the prime factors of 22847?
11, 31, 67
What are the prime factors of 36702?
2, 3, 2039
What are the prime factors of 61148?
2, 15287
What are the prime factors of 6802?
2, 19, 179
List the prime factors of 85666.
2, 7, 29, 211
List the prime factors of 8667.
3, 107
What are the prime factors of 15040?
2, 5, 47
List the prime 